{"id":915,"date":"2023-02-28T12:03:09","date_gmt":"2023-02-28T12:03:09","guid":{"rendered":"http:\/\/filleresutak.hu\/?page_id=915"},"modified":"2023-06-07T11:04:22","modified_gmt":"2023-06-07T11:04:22","slug":"gorogorszag-korfu","status":"publish","type":"page","link":"https:\/\/filleresutak.hu\/?page_id=915","title":{"rendered":"G\u00f6r\u00f6gorsz\u00e1g &#8211; Korfu"},"content":{"rendered":"<div class=\"wp-block-image\">\n<figure class=\"aligncenter size-full is-resized\"><a href=\"http:\/\/filleresutak.hu\/?tag=korfu\" target=\"_blank\" rel=\"noreferrer noopener\"><img loading=\"lazy\" decoding=\"async\" src=\"http:\/\/filleresutak.hu\/wp-content\/uploads\/2023\/05\/image-34.png\" alt=\"\" class=\"wp-image-2056\" width=\"606\" height=\"165\" srcset=\"https:\/\/filleresutak.hu\/wp-content\/uploads\/2023\/05\/image-34.png 622w, https:\/\/filleresutak.hu\/wp-content\/uploads\/2023\/05\/image-34-300x82.png 300w\" sizes=\"auto, (max-width: 606px) 100vw, 606px\" \/><\/a><\/figure>\n<\/div>\n\n\n<p class=\"has-text-align-center has-x-large-font-size\"><strong>Gyakorlati tan\u00e1csok<\/strong><\/p>\n\n\n<div class=\"wp-block-image\">\n<figure class=\"aligncenter size-full\"><img loading=\"lazy\" decoding=\"async\" width=\"774\" height=\"528\" src=\"http:\/\/filleresutak.hu\/wp-content\/uploads\/2023\/05\/image-117.png\" alt=\"\" class=\"wp-image-2277\" srcset=\"https:\/\/filleresutak.hu\/wp-content\/uploads\/2023\/05\/image-117.png 774w, https:\/\/filleresutak.hu\/wp-content\/uploads\/2023\/05\/image-117-300x205.png 300w, https:\/\/filleresutak.hu\/wp-content\/uploads\/2023\/05\/image-117-768x524.png 768w\" sizes=\"auto, (max-width: 774px) 100vw, 774px\" \/><\/figure>\n<\/div>\n\n\n<p>Korfu egy k\u00f6nnyen el\u00e9rhet\u0151 sziget G\u00f6r\u00f6gorsz\u00e1gban, k\u00f6zel a g\u00f6r\u00f6g sz\u00e1razf\u00f6ldh\u00f6z, valamint Alb\u00e1ni\u00e1hoz. <\/p>\n\n\n\n<p class=\"has-text-align-center has-medium-font-size\"><strong>Beutaz\u00e1s<\/strong><\/p>\n\n\n\n<p>G\u00f6r\u00f6gorsz\u00e1g tagja az Eur\u00f3pai Uni\u00f3nak \u00e9s a Schengeni \u00f6vezetnek.<\/p>\n\n\n\n<p class=\"has-text-align-center has-medium-font-size\"><strong>Fizet\u0151eszk\u00f6z<\/strong><\/p>\n\n\n\n<p>Eur\u00f3. A legt\u00f6bb helyen lehet fizetni bankk\u00e1rty\u00e1val.<\/p>\n\n\n\n<p class=\"has-text-align-center has-medium-font-size\"><strong>Hogy juthatsz ide? <\/strong><\/p>\n\n\n\n<p>Vannak, akik aut\u00f3val v\u00e1gnak neki Korfunak, amely Alb\u00e1ni\u00e1n kereszt\u00fcl a kompoz\u00e1ssal egy\u00fctt legal\u00e1bb 18-20 \u00f3r\u00e1nyi utaz\u00e1st jelent, emellett bizonyos utaz\u00e1si irod\u00e1k hirdetnek 24-26 \u00f3r\u00e1s buszos utat Korfura, de ezt az utaz\u00e1si form\u00e1t maximum az ellens\u00e9geinknek k\u00edv\u00e1njuk.<\/p>\n\n\n\n<p>Rep\u00fcl\u0151vel szervezett \u00faton \u00e9s egy\u00e9nileg is k\u00f6nnyen eljuthatunk Korfura. A ny\u00e1ri szezonban szinte naponta k\u00f6zlekednek charter j\u00e1ratok a szigetre, amelyekre utaz\u00e1si irod\u00e1kon kereszt\u00fcl lehet foglalni. Aki fapadosokkal szeretne utazni, annak sincs neh\u00e9z dolga: Budapestr\u0151l, Debrecenb\u0151l, Pozsonyb\u00f3l \u00e9s B\u00e9csb\u0151l is el\u00e9rhet\u0151 Korfu. Kis szerencs\u00e9vel ak\u00e1r 20-30 ezer forint alatt is ki lehet fogni ret\u00far repjegyet, m\u00e9g a ny\u00e1r k\u00f6zep\u00e9n is.<\/p>\n\n\n\n<p><strong>Hogyan k\u00f6zlekedj Korfun?<\/strong><\/p>\n\n\n\n<p>Korfun viszonylag j\u00f3 a buszk\u00f6zleked\u00e9s, Korfu v\u00e1rosb\u00f3l, valamint a rept\u00e9rr\u0151l a sziget fontosabb telep\u00fcl\u00e9sei el\u00e9rhet\u0151ek. T\u00f6megk\u00f6zleked\u00e9s megtervez\u00e9s\u00e9hez aj\u00e1nljuk a <a rel=\"noreferrer noopener\" href=\"https:\/\/www.google.hu\/maps\/@47.2634278,16.1491195,6z?hl=hu\" data-type=\"URL\" data-id=\"https:\/\/www.google.hu\/maps\/@47.2634278,16.1491195,6z?hl=hu\" target=\"_blank\">Google \u00fatvonaltervez\u0151t<\/a> \u00e9s a <a rel=\"noreferrer noopener\" href=\"https:\/\/www.rome2rio.com\/\" data-type=\"URL\" data-id=\"https:\/\/www.rome2rio.com\/\" target=\"_blank\">Rome2Rio<\/a> oldalt. A sziget felfedez\u00e9s\u00e9hez \u00e9rdemes lehet aut\u00f3t b\u00e9relni.<\/p>\n\n\n\n<p class=\"has-text-align-center\"><strong>Hol foglalj sz\u00e1ll\u00e1st?<\/strong><\/p>\n\n\n\n<p>A sziget nyugati oldal\u00e1n Palaiokastritsa a legszebb telep\u00fcl\u00e9s, az \u00e9szaki r\u00e9szen pedig Sidari k\u00f6rny\u00e9ke a legn\u00e9pszer\u0171bb. A legkedvez\u0151bb \u00e1r\u00fa sz\u00e1ll\u00e1shelyek Mesongi-Moraitika k\u00f6rny\u00e9k\u00e9n vannak. <\/p>\n\n\n<div class=\"wp-block-image\">\n<figure class=\"aligncenter size-full\"><img loading=\"lazy\" decoding=\"async\" width=\"781\" height=\"530\" src=\"http:\/\/filleresutak.hu\/wp-content\/uploads\/2023\/06\/image-25.png\" alt=\"\" class=\"wp-image-2341\" srcset=\"https:\/\/filleresutak.hu\/wp-content\/uploads\/2023\/06\/image-25.png 781w, https:\/\/filleresutak.hu\/wp-content\/uploads\/2023\/06\/image-25-300x204.png 300w, https:\/\/filleresutak.hu\/wp-content\/uploads\/2023\/06\/image-25-768x521.png 768w\" sizes=\"auto, (max-width: 781px) 100vw, 781px\" \/><\/figure>\n<\/div>\n\n\n<p class=\"has-text-align-center\"><strong>Mi az, amit ne hagyj ki?<\/strong><\/p>\n\n\n\n<ul class=\"wp-block-list\">\n<li>Korfu v\u00e1rost \u00e9rdemes felkeresni, f\u0151leg az esti \u00f3r\u00e1kban.<\/li>\n<\/ul>\n\n\n<div class=\"wp-block-image\">\n<figure class=\"aligncenter size-full\"><img loading=\"lazy\" decoding=\"async\" width=\"773\" height=\"511\" src=\"http:\/\/filleresutak.hu\/wp-content\/uploads\/2023\/06\/image-23.png\" alt=\"\" class=\"wp-image-2339\" srcset=\"https:\/\/filleresutak.hu\/wp-content\/uploads\/2023\/06\/image-23.png 773w, https:\/\/filleresutak.hu\/wp-content\/uploads\/2023\/06\/image-23-300x198.png 300w, https:\/\/filleresutak.hu\/wp-content\/uploads\/2023\/06\/image-23-768x508.png 768w\" sizes=\"auto, (max-width: 773px) 100vw, 773px\" \/><\/figure>\n<\/div>\n\n\n<ul class=\"wp-block-list\">\n<li>A sziget keleti oldal\u00e1n l\u00e9v\u0151 Notos Beach az egyik legszebb strand a szigeten.<\/li>\n\n\n\n<li>Sissi palot\u00e1ja meg\u00e9r egy l\u00e1togat\u00e1st.<\/li>\n<\/ul>\n\n\n<div class=\"wp-block-image\">\n<figure class=\"aligncenter size-full\"><img loading=\"lazy\" decoding=\"async\" width=\"776\" height=\"524\" src=\"http:\/\/filleresutak.hu\/wp-content\/uploads\/2023\/06\/image-24.png\" alt=\"\" class=\"wp-image-2340\" srcset=\"https:\/\/filleresutak.hu\/wp-content\/uploads\/2023\/06\/image-24.png 776w, https:\/\/filleresutak.hu\/wp-content\/uploads\/2023\/06\/image-24-300x203.png 300w, https:\/\/filleresutak.hu\/wp-content\/uploads\/2023\/06\/image-24-768x519.png 768w\" sizes=\"auto, (max-width: 776px) 100vw, 776px\" \/><\/figure>\n<\/div>\n\n\n<ul class=\"wp-block-list\">\n<li>Pontikonisi Beach a rep\u00fcl\u0151t\u00e9r kifut\u00f3p\u00e1ly\u00e1j\u00e1nak v\u00e9g\u00e9n\u00e9l tal\u00e1lhat\u00f3, \u00edgy a rep\u00fcl\u0151k szerelmeseinek kiv\u00e1l\u00f3 helysz\u00edn.<\/li>\n\n\n\n<li>Kassiopi hal\u00e1szfalu <\/li>\n<\/ul>\n\n\n\n<p><strong>Mi az, amit kihagyhatsz?<\/strong><\/p>\n\n\n\n<ul class=\"wp-block-list\">\n<li>Sidari meglehet\u0151sen zs\u00fafolt f\u0151szezonban. <\/li>\n\n\n\n<li>Canal d&#8217;Amour a fot\u00f3kon nagyon sz\u00e9p, de \u00e9l\u0151ben az\u00e9rt nem akkora sz\u00e1m.<\/li>\n<\/ul>\n","protected":false},"excerpt":{"rendered":"<p>Gyakorlati tan\u00e1csok Korfu egy k\u00f6nnyen el\u00e9rhet\u0151 sziget G\u00f6r\u00f6gorsz\u00e1gban, k\u00f6zel a g\u00f6r\u00f6g sz\u00e1razf\u00f6ldh\u00f6z, valamint Alb\u00e1ni\u00e1hoz. Beutaz\u00e1s<\/p>\n","protected":false},"author":1,"featured_media":0,"parent":0,"menu_order":0,"comment_status":"closed","ping_status":"closed","template":"","meta":{"footnotes":""},"class_list":["post-915","page","type-page","status-publish","hentry"],"_links":{"self":[{"href":"https:\/\/filleresutak.hu\/index.php?rest_route=\/wp\/v2\/pages\/915","targetHints":{"allow":["GET"]}}],"collection":[{"href":"https:\/\/filleresutak.hu\/index.php?rest_route=\/wp\/v2\/pages"}],"about":[{"href":"https:\/\/filleresutak.hu\/index.php?rest_route=\/wp\/v2\/types\/page"}],"author":[{"embeddable":true,"href":"https:\/\/filleresutak.hu\/index.php?rest_route=\/wp\/v2\/users\/1"}],"replies":[{"embeddable":true,"href":"https:\/\/filleresutak.hu\/index.php?rest_route=%2Fwp%2Fv2%2Fcomments&post=915"}],"version-history":[{"count":5,"href":"https:\/\/filleresutak.hu\/index.php?rest_route=\/wp\/v2\/pages\/915\/revisions"}],"predecessor-version":[{"id":2355,"href":"https:\/\/filleresutak.hu\/index.php?rest_route=\/wp\/v2\/pages\/915\/revisions\/2355"}],"wp:attachment":[{"href":"https:\/\/filleresutak.hu\/index.php?rest_route=%2Fwp%2Fv2%2Fmedia&parent=915"}],"curies":[{"name":"wp","href":"https:\/\/api.w.org\/{rel}","templated":true}]}}